2729693 prime?
False
Is 747925723 a prime number?
True
Is 9892022053 a prime number?
False
Is 1554623011 a prime number?
True
Is 11949539671 a prime number?
True
Is 34142109515 prime?
False
Is 37659351633 a prime number?
False
Is 4083271991 prime?
True
Is 504899419 composite?
False
Is 6203161007 prime?
True
Is 73815923 composite?
True
Is 42359585573 a prime number?
False
Is 2206904863 a prime number?
True
Is 950938917 composite?
True
Is 6048737507 a composite number?
False
Is 25551320719 composite?
False
Is 5876274659 a prime number?
True
Is 216221389 a composite number?
False
Is 2788186021 prime?
True
Is 66121155097 prime?
False
Is 2889209963 prime?
True
Is 46514804143 prime?
False
Is 1022461129 prime?
True
Is 2291261131 prime?
True
Is 7296083423 a prime number?
True
Is 14999681647 composite?
False
Is 69053861 composite?
True
Is 10296061631 composite?
True
Is 1359606473 prime?
True
Is 507441539 composite?
True
Is 31843179161 a prime number?
True
Is 2306323117 a prime number?
False
Is 3036532399 a composite number?
True
Is 206290402834 composite?
True
Is 946067543 a prime number?
False
Is 456736073 a composite number?
True
Is 165326782823 a prime number?
False
Is 3027670661 prime?
False
Is 3159651299 a prime number?
False
Is 4384782809 a composite number?
True
Is 128308091779 prime?
False
Is 64147963 composite?
True
Is 1428193139 composite?
True
Is 94296980381 a prime number?
False
Is 747277043 a prime number?
True
Is 20782353967 prime?
False
Is 30472675301 composite?
False
Is 5728845877 a composite number?
False
Is 21363662449 composite?
True
Is 2422659457 prime?
True
Is 19021543483 composite?
True
Is 264379655227 a composite number?
False
Is 568507061 composite?
False
Is 48040136999 prime?
True
Is 24220410989 a prime number?
False
Is 75943383563 a composite number?
False
Is 3189501947 a composite number?
True
Is 40074631001 a composite number?
False
Is 23070469 a prime number?
True
Is 14911808521 composite?
False
Is 3181932317 prime?
True
Is 950728393 a composite number?
False
Is 2787130459 a prime number?
False
Is 439547299 composite?
False
Is 2393808733 a prime number?
True
Is 20381353957 prime?
True
Is 10126076053 composite?
True
Is 3996188003 composite?
False
Is 39286021559 a composite number?
False
Is 1832441989 prime?
False
Is 327980789 a composite number?
True
Is 46599642823 prime?
True
Is 5981337038 prime?
False
Is 32944153 a composite number?
True
Is 27746993029 a composite number?
True
Is 16792112417 prime?
False
Is 3850629409 a prime number?
False
Is 35273119 a composite number?
True
Is 1860690353 composite?
False
Is 65546796461 prime?
True
Is 18935914619 a prime number?
True
Is 104926615333 a prime number?
True
Is 174116887 a prime number?
False
Is 14982009103 a composite number?
False
Is 5048554109 prime?
False
Is 5778391237 a prime number?
True
Is 2559914606 prime?
False
Is 253992481 composite?
False
Is 37626365377 a composite number?
True
Is 99016230329 prime?
False
Is 20131640387 prime?
True
Is 64260092789 prime?
False
Is 96904821361 a prime number?
True
Is 4899249479 prime?
True
Is 2239105019 a prime number?
True
Is 1259863841 a composite number?
True
Is 568749022 a composite number?
True
Is 234187755031 a prime number?
True
Is 125457487 a composite number?
False
Is 18238948439 prime?
True
Is 1692722267 composite?
False
Is 4129023373 a composite number?
True
Is 8772988073 a prime number?
False
Is 18168688519 a composite number?
True
Is 317829851 composite?
True
Is 8035295987 a prime number?
True
Is 2395936715 a prime number?
False
Is 198829747 prime?
True
Is 5502755163 prime?
False
Is 63841880747 a composite number?
True
Is 2553810437 prime?
False
Is 74421706291 prime?
False
Is 75093356809 composite?
False
Is 347297156971 a prime number?
True
Is 2405917663 a composite number?
False
Is 14663181935 composite?
True
Is 10543235909 composite?
True
Is 102503767 composite?
False
Is 23684274433 prime?
True
Is 478227719 a composite number?
True
Is 235530587 composite?
False
Is 6942772147 prime?
False
Is 9637148507 composite?
True
Is 45761395529 a prime number?
True
Is 17707948037 prime?
False
Is 7116225191 composite?
False
Is 2319626561 composite?
True
Is 9767164759 a prime number?
False
Is 214812397 prime?
False
Is 191343799 a composite number?
True
Is 997689809 prime?
False
Is 41003989115 a composite number?
True
Is 1015305019 a composite number?
True
Is 1224793469 a composite number?
False
Is 14742837961 prime?
True
Is 77096287069 a prime number?
True
Is 3782734721 a prime number?
False
Is 448266323 a composite number?
False
Is 464290507 a composite number?
True
Is 127477501 a composite number?
False
Is 62687692549 composite?
True
Is 60602897 prime?
True
Is 212850705493 composite?
True
Is 8173163369 a prime number?
False
Is 33929453323 a composite number?
False
Is 2036110319 composite?
True
Is 380103389 prime?
True
Is 4105678303 composite?
False
Is 6554383181 a composite number?
True
Is 49515989099 composite?
False
Is 11640968323 a prime number?
True
Is 390753871 composite?
False
Is 5321163217 composite?
True
Is 7801459 prime?
True
Is 1816312571 composite?
True
Is 40349831927 composite?
False
Is 11913301 composite?
False
Is 68500241 a composite number?
True
Is 8382154189 a composite number?
False
Is 65679059 prime?
True
Is 22592139833 a composite number?
True
Is 668529179 a composite number?
True
Is 151003781 a composite number?
True
Is 135292823527 composite?
False
Is 3718837267 a prime number?
False
Is 42746392903 prime?
False
Is 2665338211 composite?
False
Is 491487197 a composite number?
False
Is 4476938909 a prime number?
False
Is 3328227889 prime?
False
Is 802082069 composite?
False
Is 120089196013 composite?
False
Is 307717843 composite?
False
Is 277761781267 a prime number?
False
Is 63760649 prime?
True
Is 38408988523 a composite number?
True
Is 22126721741 a prime number?
True
Is 252022364953 composite?
True
Is 6013146859 prime?
True
Is 23638025141 composite?
True
Is 2341099931 a prime number?
True
Is 217331201 a prime number?
False
Is 2936469391 prime?
True
Is 1158921689 composite?
True
Is 6897888197 a composite number?
False
Is 1372261247 composite?
True
Is 71721599351 a composite number?
False
Is 15500125603 prime?
False
Is 10664284483 a prime number?
True
Is 530338639 composite?
True
Is 191156059793 a prime number?
False
Is 1469052677 a prime number?
True
Is 2342127797 a composite number?
False
Is 1694186551 a prime number?
True
Is 2126006527 prime?
False
Is 14044429787 a prime number?
True
Is 535604331 composite?
True
Is 21984818711 prime?
False
Is 34823008555 composite?
True
Is 96398345 a prime number?
False
Is 633874583 a prime number?
False
Is 24738247381 composite?
False
Is 54892489117 a prime number?
True
Is 67667234891 prime?
True
Is 14757725621 prime?
False
Is 669522389 a composite number?
True
Is 277520167 a prime number?
False
Is 94897393543 prime?
True
Is 2483548019 composite?
False
Is 66965973229 composite?
False
Is 467623763531 prime?
True
Is 1655241523 a composite number?
True
Is 1615046507 a prime number?
True
Is 7028835581 prime?
False
Is 14971728953 composite?
True
Is 5099495549 a composite number?
True
Is 1586655461 composite?
False
Is 1761878413 prime?
True
Is 70680473 a prime number?
False
Is 1522065035 composite?
True
Is 72530991361 a composite number?
False
Is 6545365319 a prime number?
True
Is 249495293 composite?
True
Is 197398577 composite?
True
Is 1165220491 a prime number?
False
Is 34322632163 composite?
True
Is 388287017 composite?
True
Is 92821567109 a composite number?
False
Is 15760550473 a prime number?
False
Is 6629951513 a prime number?
False
Is 57470577221 a composite number?
True
Is 32794845729 a prime number?
False
Is 2553708029 composite?
False
Is 54972128851 composite?
False
Is 139910191 a prime number?
False
Is 51096621 prime?
False
Is 42145208582 prime?
False
Is 1947172597 composite?
False
Is 14089940401 prime?
True
Is 1520426287 a prime number?
False
Is 346136929 composite?
False
Is 211840332653 composite?
True
Is 303887183 composite?
True
Is 10306413437 a prime number?
False
Is 360751649 composite?
True
Is 377062139 prime?
True
Is 1195490477 composite?
False
Is 154112081 a prime number?
True
Is 7210537409 prime?
False
Is 1401520093 a composite number?
False
Is 5061880471